{"id":66,"date":"2025-02-23T12:10:06","date_gmt":"2025-02-23T11:10:06","guid":{"rendered":"http:\/\/www.vemmedrupbadminton.dk\/?page_id=66"},"modified":"2025-02-27T10:51:29","modified_gmt":"2025-02-27T09:51:29","slug":"kontakt","status":"publish","type":"page","link":"http:\/\/www.vemmedrupbadminton.dk\/index.php\/kontakt\/","title":{"rendered":"Kontakt"},"content":{"rendered":"\n<p>Vi kan kontaktes p\u00e5 email: <a href=\"mailto:info@vemmedrupbadminton.dk\">info@vemmedrupbadminton.dk<\/a><\/p>\n\n\n\n<figure class=\"wp-block-table\"><table class=\"has-fixed-layout\"><tbody><tr><td><\/td><td>Navn<\/td><td>Telefon<\/td><\/tr><tr><td>Holdkontakt<\/td><td>Henrik M\u00f8ller<\/td><td>28867706<\/td><\/tr><tr><td>Kontingent<\/td><td>Per Ingvartsen<\/td><td>20306705<\/td><\/tr><tr><td><\/td><td><\/td><td><\/td><\/tr><tr><td>Disco fest<\/td><td>Sille S\u00f8derblom<\/td><td>53504252<\/td><\/tr><tr><td><\/td><td><\/td><td><\/td><\/tr><\/tbody><\/table><\/figure>\n\n\n\n<h2 class=\"wp-block-heading\">Bestyrelsen<\/h2>\n\n\n\n<figure class=\"wp-block-table\"><table class=\"has-fixed-layout\"><tbody><tr><td>Post<\/td><td>Navn<\/td><td>Telefon<\/td><\/tr><tr><td>Formand<\/td><td>Henrik M\u00f8ller<\/td><td>28867706<\/td><\/tr><tr><td>Kasserer<\/td><td>Per Ingvartsen<\/td><td>20306705<\/td><\/tr><tr><td>N\u00e6st formand\/Sekret\u00e6r<\/td><td>Sille S\u00f8derblom<\/td><td>53504252<\/td><\/tr><tr><td>Ungdomsformand<\/td><td>Henrik M\u00f8ller<\/td><td>28867706<\/td><\/tr><tr><td>Bestyrelsesmedlem\/Hjemmeside<\/td><td>Flemming Johansen<\/td><td>40143837<\/td><\/tr><tr><td><\/td><td><\/td><td><\/td><\/tr><tr><td><\/td><td><\/td><td><\/td><\/tr><tr><td><\/td><td><\/td><td><\/td><\/tr><\/tbody><\/table><\/figure>\n\n\n\n<p><\/p>\n","protected":false},"excerpt":{"rendered":"<p>Vi kan kontaktes p\u00e5 email: info@vemmedrupbadminton.dk Navn Telefon Holdkontakt Henrik M\u00f8ller 28867706 Kontingent Per Ingvartsen 20306705 Disco fest Sille S\u00f8derblom 53504252 Bestyrelsen Post Navn Telefon Formand Henrik M\u00f8ller 28867706 Kasserer Per Ingvartsen 20306705 N\u00e6st formand\/Sekret\u00e6r Sille S\u00f8derblom 53504252 Ungdomsformand Henrik &hellip; <a href=\"http:\/\/www.vemmedrupbadminton.dk\/index.php\/kontakt\/\">L\u00e6s resten <span class=\"meta-nav\">&rarr;<\/span><\/a><\/p>\n","protected":false},"author":1,"featured_media":0,"parent":0,"menu_order":0,"comment_status":"closed","ping_status":"closed","template":"","meta":{"footnotes":""},"class_list":["post-66","page","type-page","status-publish","hentry"],"_links":{"self":[{"href":"http:\/\/www.vemmedrupbadminton.dk\/index.php\/wp-json\/wp\/v2\/pages\/66","targetHints":{"allow":["GET"]}}],"collection":[{"href":"http:\/\/www.vemmedrupbadminton.dk\/index.php\/wp-json\/wp\/v2\/pages"}],"about":[{"href":"http:\/\/www.vemmedrupbadminton.dk\/index.php\/wp-json\/wp\/v2\/types\/page"}],"author":[{"embeddable":true,"href":"http:\/\/www.vemmedrupbadminton.dk\/index.php\/wp-json\/wp\/v2\/users\/1"}],"replies":[{"embeddable":true,"href":"http:\/\/www.vemmedrupbadminton.dk\/index.php\/wp-json\/wp\/v2\/comments?post=66"}],"version-history":[{"count":3,"href":"http:\/\/www.vemmedrupbadminton.dk\/index.php\/wp-json\/wp\/v2\/pages\/66\/revisions"}],"predecessor-version":[{"id":187,"href":"http:\/\/www.vemmedrupbadminton.dk\/index.php\/wp-json\/wp\/v2\/pages\/66\/revisions\/187"}],"wp:attachment":[{"href":"http:\/\/www.vemmedrupbadminton.dk\/index.php\/wp-json\/wp\/v2\/media?parent=66"}],"curies":[{"name":"wp","href":"https:\/\/api.w.org\/{rel}","templated":true}]}}